{"id":5961,"date":"2023-10-17T00:55:09","date_gmt":"2023-10-16T19:25:09","guid":{"rendered":"http:\/\/pharosmedia.com\/books\/?post_type=product&#038;p=5961"},"modified":"2025-04-17T10:57:34","modified_gmt":"2025-04-17T05:27:34","slug":"9788172211349","status":"publish","type":"product","link":"https:\/\/pharosmedia.com\/books\/product\/9788172211349\/","title":{"rendered":"The Glorious Quran &#8211; English Translation with annotations based on earliest authoritative sources (with Parallel Arabic Text, Hard bound)"},"content":{"rendered":"<p>A new English translation of the holy book of Islam that aims to present the Qur\u2019\u0101n the way Islam\u2019s earliest generations understood it. It is the first major Indian contribution to the English translation of the Qur\u2019\u0101n since the popular translation by Abdullah Yusuf Ali, which was first published in the early 1930s. This edition offers a complete introduction to the tenets of Islam with its extensive annotations and appendices on related topics including the history and issues of the holy book, life of Prophet Muhammad (peace be upon him), Allah\u2019s Beautiful Names, a dictionary of Islamic Terms and a Subject Index of the Quran \u2013 all based on the most authoritative Arabic sources. A complete, authoritative manual to understand the Quran and Islam.<br \/>\nThis work depends only on the most authentic and original Arabic works and oldest books on exegesis and biographies of the Prophet and the most authentic dictionaries of the Quran and Arabic language in order to determine the meanings of difficult words, expressions and terms.<br \/>\nThe copious new annotations have taken into account the kind of questions an ordinary Muslim or non-Muslim reader may have while reading the Quranic text. The absence of this approach in many translations has led to problems and doubts exploited by enemies of Islam.<br \/>\nDr. Zafarul-Islam Khan he has tried to present a translation that reflects as accurately as possible the way Islam\u2019s earliest generations understood the holy text. He believes this new translation is the most accurate version of the holy Islamic scripture in simple, modern English.<\/p>\n","protected":false},"excerpt":{"rendered":"<p>A new English Translation with parallel Arabic-English Texts \u2014 An accurate rendering Of the Holy Quran based on earliest authoritative sources<br \/>\nWith Extensive Annotations of Verses, Laws, Names and Places mentioned in the Qur\u2019\u0101n. And Appendices on: The Holy Book, The Last Prophet of Isl\u0101m (pbuh), The Beautiful Names of All\u0101h, The Prophets Mentioned in the Qur\u2019\u0101n, A Dictionary of Islamic Terms, A Subject Index of the Qur\u2019\u0101n<\/p>\n","protected":false},"featured_media":5963,"comment_status":"open","ping_status":"closed","template":"","meta":[],"product_cat":[27,25,20,182],"product_tag":[],"_links":{"self":[{"href":"https:\/\/pharosmedia.com\/books\/wp-json\/wp\/v2\/product\/5961"}],"collection":[{"href":"https:\/\/pharosmedia.com\/books\/wp-json\/wp\/v2\/product"}],"about":[{"href":"https:\/\/pharosmedia.com\/books\/wp-json\/wp\/v2\/types\/product"}],"replies":[{"embeddable":true,"href":"https:\/\/pharosmedia.com\/books\/wp-json\/wp\/v2\/comments?post=5961"}],"wp:featuredmedia":[{"embeddable":true,"href":"https:\/\/pharosmedia.com\/books\/wp-json\/wp\/v2\/media\/5963"}],"wp:attachment":[{"href":"https:\/\/pharosmedia.com\/books\/wp-json\/wp\/v2\/media?parent=5961"}],"wp:term":[{"taxonomy":"product_cat","embeddable":true,"href":"https:\/\/pharosmedia.com\/books\/wp-json\/wp\/v2\/product_cat?post=5961"},{"taxonomy":"product_tag","embeddable":true,"href":"https:\/\/pharosmedia.com\/books\/wp-json\/wp\/v2\/product_tag?post=5961"}],"curies":[{"name":"wp","href":"https:\/\/api.w.org\/{rel}","templated":true}]}}